(8). Let a(y) = 9*y**2 + 2*y - 1. Determine a(l).
10
Let u(v) = -8*v**3 - 2*v**2 + 8*v + 9. Let q(c) = -7*c**3 - 2*c**2 + 8*c + 9. Let j(x) = 7*q(x) - 6*u(x). What is j(-4)?
9
Suppose 21*d - 52 = 8*d. Suppose 25 = 5*p - 4*a, 4*p + 7 = p - 2*a. Let z(b) = -4*b + 5*b - p - d. Give z(4).
-1
Let y(m) = m**2 - m - 1. Let i(j) = -3*j**2 + 2*j + 4. Let q(s) = 3*i(s) + 8*y(s). Let c = -6 + 5. Let p be 5/(15/(-6)) + c. Calculate q(p).
1
Let f(y) = 2*y - 2. Let v = 223 + -221. Suppose 19 = -4*n + 3. Let c = n - v. Give f(c).
-14
Let w(k) = -7*k**3 - 23*k**2 - 15*k + 25. Let y(t) = t**3 + 2*t**2 + t - 2. Let n(s) = w(s) + 6*y(s). What is n(-10)?
3
Let p(h) be the third derivative of -h**6/120 - h**5/12 + 3*h**4/8 + h**3/3 + 207*h**2. Calculate p(-6).
-16
Let f be 8/(-44) + (-1008)/(-99). Let s(o) = o**3 - 10*o**2 + o - 8. Determine s(f).
2
Let j(h) = -3*h**2 + 39*h + 41*h - 121*h + 38*h. Let d = 4 - 6. Give j(d).
-6
Let d(i) = -4*i - 3. Suppose 2*v = n + 1, 5*v + 0 - 4 = 4*n. Let t be 15/(-5) + (4 - v). Let y = -5 + t. Give d(y).
13
Let p(i) be the first derivative of -i**3/3 + 13*i**2/2 - 29*i - 410. Give p(12).
-17
Suppose 6*j + 20 + 16 = 0. Let h(a) = -3*a - 15. Let l be h(j). Let n(s) = -s**3 + 2*s**2 + 2*s + 4. Give n(l).
1
Let o(f) = f - 4. Let a be 20/30*(2 + 80/(-4)). Give o(a).
-16
Let u(t) be the second derivative of t**4/12 - t**3/2 + t**2 + 2*t - 61. Determine u(3).
2
Let x(s) = -s**2 - 5*s + 1. Let z(y) = 6*y**2 - 5*y**2 - 8 - 5*y + 8*y. Let n be z(-4). Calculate x(n).
5
Let f(c) = -8*c + 50. Let j(p) = -3*p + 20. Let w(d) = 5*f(d) - 12*j(d). Suppose 4*b - 462 = -434. Calculate w(b).
-18
Let r(c) = 10*c**2 - c**3 + 12498*c + 7 - 12501*c - 5*c**2. What is r(5)?
-8
Suppose 2*h + 4*r = 12 + 6, -4*h + 5*r + 23 = 0. Suppose 6*i = h*i - 2. Let v(f) = 0 - 2 + i*f**2 + 5 - f**2. Give v(0).
3
Let g(a) = -4 + 7*a**2 + 6*a - 2*a**2 - 8*a**3 + 9 + 9*a**3. Give g(-4).
-3
Let t(p) = -p - 2. Let o(a) = -2*a - 4. Let m(k) = 5*o(k) - 8*t(k). What is m(-8)?
12
Suppose 0 = 4*p - 8*p + 112. Suppose 5*u + 5*k = -45 + 10, 4*u + p = -2*k. Let q(g) = g + 1. Determine q(u).
-6
Let o(d) = -2*d**2 + 4*d. Let v(t) = -t**3 + 2*t**2 - 5*t. Let y(k) = 3*o(k) + 2*v(k). Give y(-2).
4
Let v(h) = 21*h**3 - 20*h**3 + h**2 + 17 + 0*h**2. Calculate v(0).
17
Let h(j) be the first derivative of j**3/3 - 2*j**2 + 6*j + 114. What is h(4)?
6
Let n = -65 - -75. Let w(c) = -4*c + 4 - c + 4*c. Determine w(n).
-6
Let a = -45 + 97. Suppose 0 = 4*y + x - a + 19, 2*x = 3*y - 11. Let z(w) = -2*w + 9. Calculate z(y).
-5
Let b(u) = -u - 3. Let i be b(-6). Let y = -2 - -11. Let d be y/(-6)*(-8)/i. Let m(o) = -o**3 + 4*o**2 + o - 2. Calculate m(d).
2
Suppose -17*m = -13*m - 12. Let h(v) be the third derivative of -v**2 - 1/6*v**3 + 1/6*v**4 - 1/60*v**5 + 0*v + 0. Determine h(m).
2
Let x = 187 + -195. Let y(w) = -w**3 - 9*w**2 - 7*w - 7. What is y(x)?
-15
Let q = -13 - -20. Suppose -3*m - q = -2*m - u, 0 = 4*m - 3*u + 29. Let c = m + 2. Let d(y) = -y**2 - 7*y - 3. Determine d(c).
3
Let o(m) = -m**3 - 3*m**2 + 5*m + 8. Let x be 1 + -3 - (-6)/(-3). Give o(x).
4
Let h be ((-21)/(-3))/((-33)/66). Let g(b) = -b**3 - 14*b**2 - 2*b - 21. Calculate g(h).
7
Suppose -5*v = -0*w + 5*w - 50, -5*v + 35 = 2*w. Let q(u) = 3*u + 5. Let b be q(0). Let t(k) = 0*k - b*k + k + 3. Calculate t(w).
-17
Let v = -18 - -20. Suppose l + v = 5. Let x(h) = 3*h + 1. Determine x(l).
10
Let i(r) = 3*r - 4. Let h(w) = w - 3. Let a(v) = -2*h(v) + i(v). Calculate a(3).
5
Let t(y) be the third derivative of y**8/20160 + y**7/1008 + y**6/240 - 7*y**5/60 + 13*y**2. Let f(s) be the third derivative of t(s). Calculate f(-5).
3
Let n(p) = -1 - 6 + 7*p + 12 + 0 - 9 + p**2. Let f be (-52)/8 - 1/2. Determine n(f).
-4
Let o(n) = -n**3 + 3*n**2 - n - 2. Let w be o(2). Let m(d) = d**2 - 17 - d + w*d - 2*d + 18. What is m(3)?
1
Suppose -t - 37 = 12. Let i = t + 50. Let f(j) = 2*j - 1. Calculate f(i).
1
Let m(r) = r**2 - 8*r + 4. Let c be m(8). Let f(l) = 1 + 8*l + c*l - 9*l. What is f(-6)?
-17
Let m(j) be the first derivative of j**3/3 + 3*j**2 - 12*j - 207. What is m(-9)?
15
Let a = -130 + 130. Let v(q) = -q**3 - q**2 + q + 18. Determine v(a).
18
Let z(s) = s**2 - 3*s - 5. Let w(m) = m**3 - 7*m**2 + 8*m + 1. Let i be w(5). Let n be ((-30)/i)/((-4)/(-6)). What is z(n)?
5
Let s(x) = -13*x**2 - 24*x - 5. Let z(d) = -7*d**2 - 11*d - 3. Let r(o) = 3*s(o) - 5*z(o). Give r(-4).
4
Let c(a) = a - 2. Suppose 3*n = 0, -8*w - 3*n = -12*w + 56. Suppose -w*v = -81 - 31. Determine c(v).
6
Let u(n) = 4*n**2 + 1. Let f be u(-1). Let k(p) = -3*p - 3*p + f*p + 1 + 7*p. Determine k(3).
19
Suppose -b - t + 3 = 4*b, -t = 2. Suppose 3 - 11 = -4*r - 4*x, 4*x + b = -r. Let y(a) be the first derivative of a**3/3 - a**2 - 2*a + 5. Determine y(r).
1
Let h(b) be the third derivative of b**4/24 + 5*b**2. Suppose -4*o - 22 = -6. Determine h(o).
-4
Suppose -3*f = 2*a - 11, 0 = -5*f + 4*a - 2 - 9. Let c = 4 + f. Let s(v) = 6 - 3*v + 3*v - c*v - 6*v**2 - v**3 + 0*v. Give s(-5).
6
Let f(d) = 32*d**3 - d**2 + 4*d + 7. Let w(l) = -48*l**3 + l**2 - 6*l - 10. Let c(i) = -7*f(i) - 5*w(i). What is c(-1)?
-15
Let d(o) be the second derivative of -o**3/6 - o**2 + 14*o - 2. Suppose -w - 24 = -5*w. What is d(w)?
-8
Let a(i) be the third derivative of -i**4/24 + 10*i**3/3 + 178*i**2. Calculate a(15).
5
Let g(m) = 5*m + 2 + 2 - m. Let k(j) = -j**3 + 53*j**2 - 429*j - 50. Let p be k(43). Give g(p).
-24
Let z(g) = -5*g + 2 - 33*g**2 + 33*g**2 - 2*g**2. What is z(-5)?
-23
Let o = 6 + 12. Let n be (2/(-6))/(2/o). Let y be (n/(-1))/((-13)/(-26)). Let w(f) = f - 14. Determine w(y).
-8
Let w(u) be the third derivative of 7*u**5/30 - u**4/12 - u**3/6 + 7*u**2. Let k(x) = -x**2 + 3*x - 3. Let t be k(2). What is w(t)?
15
Let n(j) = j - 4 + j**2 - 3*j + j. Suppose 0 = -33*o + 28*o + 685. Let t = 137 - o. Determine n(t).
-4
Suppose 0 = -37*q + 185*q. Suppose -3*i + 32 - 8 = 0. Let y(g) = 0 + g + 1 - i. Calculate y(q).
-7
Let i(h) = 3*h**3 - h**2 - 5*h**3 + h**3 + 2*h. Let z be 8/6*(-111)/74. Calculate i(z).
0
Let h be (-3)/(-1) - (-14)/7. Suppose 16*m + h = 17*m. Let k(l) = -l - l**2 - 2*l - m + 0*l. Give k(-4).
-9
Let q = 83 + -45. Let d = 32 - q. Let m(a) = -a**3 - 6*a**2 + a - 3. Calculate m(d).
-9
Let b(o) be the first derivative of 32*o**2 - 73*o**2 + 1 + 38*o**2. What is b(2)?
-12
Let t(l) = -3*l - 21. Let b be 2772/(-224) - 6/(-16). Determine t(b).
15
Let r(a) = 60*a - 19*a - 25*a. What is r(-4)?
-64
Let d be -48 - -68 - 2*4. Let t(m) = m - 4. Determine t(d).
8
Let h(w) = -w**2 - 10*w + 25. Suppose -3*p = 4*x + 67, -4*x - 47 = 5*p + 30. What is h(x)?
-14
Let v = 2 + -4. Let q(y) = -3*y + 36. Let o be q(11). Let x(a) = a**3 - 4*a + 6 - 2*a**o - 3*a**2 - 8. Determine x(v).
2
Let s = 0 - 2. Let p(y) = 0*y**2 - 26*y - y**2 + 25*y - 1. Let j(b) = 4*b**2 + 6*b + 7. Let v(d) = -j(d) - 5*p(d). Calculate v(s).
4
Let p = 365 + -356. Let q(n) = n**3 - 8*n**2 - 10*n + 11. Give q(p).
2
Suppose -5*c + 8 = -7. Suppose 0 = -j - 2 - 3, c*j - 6 = -3*v. Let z(f) = -f**3 + 7*f**2 - f - 3. Calculate z(v).
-10
Let f(m) = 4*m + 11. Let o(q) = -2*q - 9. Let r(w) = 4*f(w) + 7*o(w). Calculate r(9).
-1
Suppose -34*c - 15 = -31*c. Let d(r) = -4*r - 18. What is d(c)?
2
Let h(m) be the first derivative of -2*m**3 - 3/2*m**2 - 8*m + 8 - 1/4*m**4. Give h(-6).
10
Suppose -2*i + 2 = k - i, 10 = 5*i. Let c be k/(-1*1) + 0/(-13). Let p(y) = -y**3 + y**2 + y + 4. Determine p(c).
4
Let n(w) = -18*w - 18*w**2 - 2903*w**3 + 5805*w**3 - 9 - 2903*w**3. Give n(-17).
8
Let r(n) = -6*n - 46. Suppose -293 - 197 = 70*b. Calculate r(b).
-4
Let b(z) = 2*z**3 - 3*z**2 - 4*z - 5. Let f(m) = 3*m**3 - 4*m**2 - 5*m - 5. Let t(n) = -4*b(n) + 3*f(n). Let h be (2 - 16/6)*-3. Let o = h + -2. Calculate t(o).
5
Suppose -2*a = 6*a - 24. Let o(p) = 7*p - a*p + 7*p - 5*p**2 - 2*p + 7 - p**3. Determine o(-6).
-11
Suppose 3*z - 2*c - 86 = 0, -2*c = -4*z + 3*c + 103. Let y = 20 - z. Let a be 20/(-6) - y/9. Let u(o) = -6*o - 2. Give u(a).
10
Let h = 2048 - 2047. Let k(j) = 29*j**3 + 2*j**2 - 1. Calculate k(h).
30
Let t(u) = -9*u**3 + 15*u**2 - 3*u + 1. Let l(h) = -5*h**3 + 8*h**2 - 2*h. Let b(p) = 7*l(p) - 4*t(p). Give b(5).
11
Let i = -657 + 653. Let t(k) be the second derivative of k**3/6 + 3*k**2/2 + 5*k. Give t(i).
-1
Suppose 2*k - 4*h = 3*k - 17, -2